{"id":212,"date":"2024-06-08T20:48:06","date_gmt":"2024-06-08T18:48:06","guid":{"rendered":"https:\/\/2024.konferencevenkov.cz\/?page_id=212"},"modified":"2024-06-08T21:26:12","modified_gmt":"2024-06-08T19:26:12","slug":"zastity","status":"publish","type":"page","link":"https:\/\/2024.konferencevenkov.cz\/index.php\/zastity\/","title":{"rendered":"Z\u00e1\u0161tity"},"content":{"rendered":"\n<blockquote class=\"wp-block-quote is-layout-flow wp-block-quote-is-layout-flow\">\n<p>Z\u00e1\u0161tita \u00da\u0159adu vl\u00e1dy \u010cR<\/p>\n<\/blockquote>\n\n\n\n<div data-wp-interactive=\"core\/file\" class=\"wp-block-file aligncenter\"><object data-wp-bind--hidden=\"!state.hasPdfPreview\" hidden class=\"wp-block-file__embed\" data=\"https:\/\/2024.konferencevenkov.cz\/wp-content\/uploads\/2024\/06\/spov_certifikat.pdf\" type=\"application\/pdf\" style=\"width:100%;height:549px\" aria-label=\"Vlo\u017eit PDF\"><\/object><\/div>\n\n\n\n<hr class=\"wp-block-separator has-alpha-channel-opacity\"\/>\n\n\n\n<blockquote class=\"wp-block-quote is-layout-flow wp-block-quote-is-layout-flow\">\n<p>Z\u00e1\u0161tita Marka V\u00fdborn\u00e9ho, ministra zem\u011bd\u011blstv\u00ed<\/p>\n<\/blockquote>\n\n\n\n<div data-wp-interactive=\"core\/file\" class=\"wp-block-file\"><object data-wp-bind--hidden=\"!state.hasPdfPreview\" hidden class=\"wp-block-file__embed\" data=\"https:\/\/2024.konferencevenkov.cz\/wp-content\/uploads\/2024\/06\/Zastita_ministra_zemedelstvi.pdf\" type=\"application\/pdf\" style=\"width:100%;height:1051px\" aria-label=\"Vlo\u017eit PDF\"><\/object><\/div>\n\n\n\n<hr class=\"wp-block-separator has-alpha-channel-opacity\"\/>\n\n\n\n<blockquote class=\"wp-block-quote is-layout-flow wp-block-quote-is-layout-flow\">\n<p>Z\u00e1\u0161tita Jarmily Smotlachov\u00e9, starostky a sen\u00e1torky<\/p>\n<\/blockquote>\n\n\n\n<div data-wp-interactive=\"core\/file\" class=\"wp-block-file\"><object data-wp-bind--hidden=\"!state.hasPdfPreview\" hidden class=\"wp-block-file__embed\" data=\"https:\/\/2024.konferencevenkov.cz\/wp-content\/uploads\/2024\/06\/zastita_Senat_Smotlachova_.pdf\" type=\"application\/pdf\" style=\"width:100%;height:1051px\" aria-label=\"Vlo\u017eit PDF\"><\/object><\/div>\n\n\n\n<hr class=\"wp-block-separator has-alpha-channel-opacity\"\/>\n\n\n\n<blockquote class=\"wp-block-quote is-layout-flow wp-block-quote-is-layout-flow\">\n<p>Z\u00e1\u0161tita Tom\u00e1\u0161e Martince, starosty m\u011bsta M\u011bln\u00edk<\/p>\n<\/blockquote>\n\n\n\n<div data-wp-interactive=\"core\/file\" class=\"wp-block-file\"><object data-wp-bind--hidden=\"!state.hasPdfPreview\" hidden class=\"wp-block-file__embed\" data=\"https:\/\/2024.konferencevenkov.cz\/wp-content\/uploads\/2024\/06\/Zastita_starosta_Melnik.pdf\" type=\"application\/pdf\" style=\"width:100%;height:1051px\" aria-label=\"Vlo\u017eit PDF\"><\/object><\/div>\n","protected":false},"excerpt":{"rendered":"<p>Z\u00e1\u0161tita \u00da\u0159adu vl\u00e1dy \u010cR Z\u00e1\u0161tita Marka V\u00fdborn\u00e9ho, ministra zem\u011bd\u011blstv\u00ed Z\u00e1\u0161tita Jarmily Smotlachov\u00e9, starostky a sen\u00e1torky Z\u00e1\u0161tita Tom\u00e1\u0161e Martince, starosty m\u011bsta M\u011bln\u00edk<\/p>\n","protected":false},"author":1,"featured_media":0,"parent":0,"menu_order":0,"comment_status":"closed","ping_status":"closed","template":"","meta":{"_themeisle_gutenberg_block_has_review":false,"footnotes":""},"class_list":["post-212","page","type-page","status-publish","hentry"],"_links":{"self":[{"href":"https:\/\/2024.konferencevenkov.cz\/index.php\/wp-json\/wp\/v2\/pages\/212","targetHints":{"allow":["GET"]}}],"collection":[{"href":"https:\/\/2024.konferencevenkov.cz\/index.php\/wp-json\/wp\/v2\/pages"}],"about":[{"href":"https:\/\/2024.konferencevenkov.cz\/index.php\/wp-json\/wp\/v2\/types\/page"}],"author":[{"embeddable":true,"href":"https:\/\/2024.konferencevenkov.cz\/index.php\/wp-json\/wp\/v2\/users\/1"}],"replies":[{"embeddable":true,"href":"https:\/\/2024.konferencevenkov.cz\/index.php\/wp-json\/wp\/v2\/comments?post=212"}],"version-history":[{"count":10,"href":"https:\/\/2024.konferencevenkov.cz\/index.php\/wp-json\/wp\/v2\/pages\/212\/revisions"}],"predecessor-version":[{"id":245,"href":"https:\/\/2024.konferencevenkov.cz\/index.php\/wp-json\/wp\/v2\/pages\/212\/revisions\/245"}],"wp:attachment":[{"href":"https:\/\/2024.konferencevenkov.cz\/index.php\/wp-json\/wp\/v2\/media?parent=212"}],"curies":[{"name":"wp","href":"https:\/\/api.w.org\/{rel}","templated":true}]}}