{"id":280,"date":"2024-06-09T09:36:29","date_gmt":"2024-06-09T07:36:29","guid":{"rendered":"https:\/\/2024.konferencevenkov.cz\/?page_id=280"},"modified":"2024-10-20T20:49:59","modified_gmt":"2024-10-20T18:49:59","slug":"zavery-konference","status":"publish","type":"page","link":"https:\/\/2024.konferencevenkov.cz\/index.php\/zavery-konference\/","title":{"rendered":"Z\u00e1v\u011bry konference"},"content":{"rendered":"\n<h3 class=\"wp-block-heading has-ti-fg-color has-cyan-bluish-gray-background-color has-text-color has-background has-link-color has-normal-font-size wp-elements-3ef60b0cd5bb1f4b9e4aac11b84d03df\" style=\"padding-top:var(--wp--preset--spacing--20);padding-right:var(--wp--preset--spacing--60);padding-bottom:var(--wp--preset--spacing--20);padding-left:var(--wp--preset--spacing--60)\">Navr\u017een\u00e9 z\u00e1v\u011bry jednotliv\u00fdch pracovn\u00edch skupin:<\/h3>\n\n\n\n<div id=\"wp-block-themeisle-blocks-accordion-3285ff95\" class=\"wp-block-themeisle-blocks-accordion exclusive\">\n<details class=\"wp-block-themeisle-blocks-accordion-item\"><summary class=\"wp-block-themeisle-blocks-accordion-item__title\"><div><strong>Zachov\u00e1n\u00ed diverzity krajiny a vyu\u017eit\u00ed obnoviteln\u00fdch energie<\/strong><\/div><\/summary><div class=\"wp-block-themeisle-blocks-accordion-item__content\">\n<ul class=\"wp-block-list\">\n<li>Koordinovat z\u00e1kladn\u00ed strategick\u00e9 dokumenty s \u00fazemn\u00edm pl\u00e1nem (MEK), KP\u00da v\u010detn\u011b \u010dasov\u00e9ho harmonogramu, pl\u00e1nu spol\u010den\u00fdch opat\u0159en\u00ed, oprav silnic a liniov\u00fdch staveb, krajinn\u00fdch pl\u00e1n\u016f<\/li>\n<\/ul>\n\n\n\n<ul class=\"wp-block-list\">\n<li>Sjednocen\u00ed metodiky pam\u00e1tkov\u00e9 p\u00e9\u010de a jej\u00ed propojen\u00ed s jednotliv\u00fdmi konkr\u00e9tn\u00edmi finan\u010dn\u00edmi opat\u0159en\u00edmi<\/li>\n<\/ul>\n\n\n\n<ul class=\"wp-block-list\">\n<li>Pos\u00edlen\u00ed finan\u010dn\u00edch zdroj\u016f a pravomoc\u00ed obc\u00ed p\u0159i zav\u00e1d\u011bn\u00ed obnoviteln\u00fdch zdroj\u016f energie<\/li>\n<\/ul>\n<\/div><\/details>\n\n\n\n<details class=\"wp-block-themeisle-blocks-accordion-item\"><summary class=\"wp-block-themeisle-blocks-accordion-item__title\"><div><strong>Podpora kr\u00e1tk\u00fdch dodavatelsk\u00fdch \u0159et\u011bzc\u016f<\/strong><\/div><\/summary><div class=\"wp-block-themeisle-blocks-accordion-item__content\">\n<ul class=\"wp-block-list\">\n<li>Konstruktivn\u00ed a zjednodu\u0161en\u00e1 legislativa usnadn\u00ed provoz podnik\u016f a smluvn\u00ed vztahy v r\u00e1mci KD\u0158<\/li>\n<\/ul>\n\n\n\n<ul class=\"wp-block-list\">\n<li>Soudr\u017enost spole\u010dnosti a podpora m\u00edstn\u00edch zem\u011bd\u011blc\u016f. Vytvo\u0159\u00ed prostor pro vz\u00e1jemnou spolupr\u00e1ci.\u00a0\u00a0Zem\u011bd\u011blsk\u00fd sektor m\u016f\u017ee v\u00fdrazn\u011b p\u0159isp\u011bt i k rozvoji vzd\u011bl\u00e1v\u00e1n\u00ed mlad\u00e9 generace, a to zapojen\u00edm praktick\u00fdch zku\u0161enost\u00ed, nejen teorie.\u00a0<\/li>\n<\/ul>\n\n\n\n<ul class=\"wp-block-list\">\n<li>Nezp\u0159\u00eds\u0148ovat nastavenou legislativu EU. Nevym\u00fd\u0161let sank\u010dn\u00ed syst\u00e9my nad r\u00e1mec nutnosti, kter\u00e1 sni\u017euje konkurenceschopnost na\u0161ich zem\u011bd\u011blsk\u00fdch podnikatel\u016f<\/li>\n<\/ul>\n<\/div><\/details>\n\n\n\n<details class=\"wp-block-themeisle-blocks-accordion-item\"><summary class=\"wp-block-themeisle-blocks-accordion-item__title\"><div><strong>Zachov\u00e1n\u00ed tradic venkova, atraktivita venkovsk\u00e9ho prostoru a propojen\u00ed\u00a0s modern\u00edmi trendy v\u00a0r\u00e1mci \u010desk\u00e9ho zem\u011bd\u011blstv\u00ed a rozvoje\u00a0venkova<\/strong><\/div><\/summary><div class=\"wp-block-themeisle-blocks-accordion-item__content\">\n<ul class=\"wp-block-list\">\n<li>Zapojen\u00ed modern\u00edch trend\u016f pro zvy\u0161ov\u00e1n\u00ed atraktivity venkovsk\u00e9ho prostoru<\/li>\n<\/ul>\n\n\n\n<ul class=\"wp-block-list\">\n<li>Tradi\u010dn\u00ed apel na sni\u017eov\u00e1n\u00ed administrativn\u00ed n\u00e1ro\u010dnosti p\u0159i realizaci rozvojov\u00fdch aktivit<\/li>\n<\/ul>\n\n\n\n<ul class=\"wp-block-list\">\n<li>Podporujeme ka\u017ed\u00e9ho srdca\u0159e na venkov\u011b, kter\u00fd je schopen dok\u00e1zat velk\u00e9 v\u011bci<\/li>\n<\/ul>\n<\/div><\/details>\n\n\n\n<details class=\"wp-block-themeisle-blocks-accordion-item\"><summary class=\"wp-block-themeisle-blocks-accordion-item__title\"><div><strong>Na\u0161e krajina pro budoucnost<\/strong><\/div><\/summary><div class=\"wp-block-themeisle-blocks-accordion-item__content\">\n<p class=\"has-text-align-left\"><em>\u010cesk\u00e1&nbsp;a&nbsp;moravsk\u00e1&nbsp;krajina&nbsp;jako&nbsp;n\u00e1\u0161 prostor&nbsp;pro&nbsp;\u017eivot&nbsp;je&nbsp;ohro\u017een\u00e1. \u017d\u00e1d\u00e1me&nbsp;vl\u00e1du&nbsp;a p\u0159\u00edslu\u0161n\u00e1&nbsp;ministerstva, aby&nbsp;zajistila&nbsp;u\u017eivatelskou&nbsp;vst\u0159\u00edcnost&nbsp;pro&nbsp;obyvatele, vlastn\u00edky&nbsp;a&nbsp;u\u017eivatele&nbsp;\u00fazem\u00ed&nbsp;ve jm\u00e9nu&nbsp;spr\u00e1vy,&nbsp;p\u00e9\u010de&nbsp;a&nbsp;pl\u00e1nov\u00e1n\u00ed&nbsp;krajiny&nbsp;a&nbsp;zachov\u00e1n\u00ed jej\u00ed&nbsp;funk\u010dnosti&nbsp;jako&nbsp;na\u0161eho spole\u010dn\u00e9ho&nbsp;d\u011bdictv\u00ed.<\/em><\/p>\n\n\n\n<ul class=\"wp-block-list\">\n<li>Podpo\u0159it\u00a0krajinn\u00e9\u00a0pl\u00e1nov\u00e1n\u00ed\u00a0\u00a0a\u00a0pozemkov\u00e9 \u00fapravy\u00a0jako\u00a0z\u00e1sadn\u00ed\u00a0n\u00e1stroj revitalizace\u00a0krajiny pro\u00a0budoucnost\u00a0a\u00a0jejich\u00a0vz\u00e1jemnou\u00a0prov\u00e1zanost<\/li>\n<\/ul>\n\n\n\n<ul class=\"wp-block-list\">\n<li>Pos\u00edlit\u00a0roli\u00a0obc\u00ed\u00a0jako\u00a0d\u016fle\u017eit\u00e9ho\u00a0akt\u00e9ra\u00a0v\u00a0oblasti p\u00e9\u010de\u00a0a\u00a0tvorby\u00a0krajiny<\/li>\n<\/ul>\n\n\n\n<ul class=\"wp-block-list\">\n<li>Zlep\u0161it\u00a0komunikaci\u00a0a\u00a0spolupr\u00e1ci\u00a0v\u0161ech\u00a0resort\u016f,\u00a0kter\u00e9\u00a0se\u00a0t\u00fdkaj\u00ed\u00a0krajiny<\/li>\n<\/ul>\n<\/div><\/details>\n<\/div>\n\n\n\n<hr class=\"wp-block-separator has-alpha-channel-opacity\"\/>\n\n\n\n<h3 class=\"wp-block-heading has-ti-fg-color has-cyan-bluish-gray-background-color has-text-color has-background has-link-color has-normal-font-size wp-elements-c1f9446e8a61e5fa66d5493451d7bde5\" style=\"padding-top:var(--wp--preset--spacing--20);padding-right:var(--wp--preset--spacing--60);padding-bottom:var(--wp--preset--spacing--20);padding-left:var(--wp--preset--spacing--60)\">V\u00fdsledky hlasov\u00e1n\u00ed:<\/h3>\n\n\n\n<div class='ays-chart-container-google ays-chart-container-3' id='ays-chart-container69ecc5bd85c7a' data-id='69ecc5bd85c7a'><div class='ays-chart-header-container'><\/div><div class='ays-chart-charts-main-container ays-chart-charts-main-container69ecc5bd85c7a' id=ays-chart-donut_chart69ecc5bd85c7a data-type='donut_chart'><\/div><div class='ays-chart-actions-container'><div class='ays-chart-export-buttons' data-id='3'><\/div><\/div><\/div>\n","protected":false},"excerpt":{"rendered":"<p>Navr\u017een\u00e9 z\u00e1v\u011bry jednotliv\u00fdch pracovn\u00edch skupin: V\u00fdsledky hlasov\u00e1n\u00ed:<\/p>\n","protected":false},"author":1,"featured_media":0,"parent":0,"menu_order":0,"comment_status":"closed","ping_status":"closed","template":"","meta":{"_themeisle_gutenberg_block_has_review":false,"footnotes":""},"class_list":["post-280","page","type-page","status-publish","hentry"],"_links":{"self":[{"href":"https:\/\/2024.konferencevenkov.cz\/index.php\/wp-json\/wp\/v2\/pages\/280","targetHints":{"allow":["GET"]}}],"collection":[{"href":"https:\/\/2024.konferencevenkov.cz\/index.php\/wp-json\/wp\/v2\/pages"}],"about":[{"href":"https:\/\/2024.konferencevenkov.cz\/index.php\/wp-json\/wp\/v2\/types\/page"}],"author":[{"embeddable":true,"href":"https:\/\/2024.konferencevenkov.cz\/index.php\/wp-json\/wp\/v2\/users\/1"}],"replies":[{"embeddable":true,"href":"https:\/\/2024.konferencevenkov.cz\/index.php\/wp-json\/wp\/v2\/comments?post=280"}],"version-history":[{"count":23,"href":"https:\/\/2024.konferencevenkov.cz\/index.php\/wp-json\/wp\/v2\/pages\/280\/revisions"}],"predecessor-version":[{"id":387,"href":"https:\/\/2024.konferencevenkov.cz\/index.php\/wp-json\/wp\/v2\/pages\/280\/revisions\/387"}],"wp:attachment":[{"href":"https:\/\/2024.konferencevenkov.cz\/index.php\/wp-json\/wp\/v2\/media?parent=280"}],"curies":[{"name":"wp","href":"https:\/\/api.w.org\/{rel}","templated":true}]}}