{"id":91,"date":"2024-06-07T01:35:15","date_gmt":"2024-06-06T23:35:15","guid":{"rendered":"https:\/\/2024.konferencevenkov.cz\/?page_id=91"},"modified":"2024-06-08T22:30:00","modified_gmt":"2024-06-08T20:30:00","slug":"prihlasovaci-formular","status":"publish","type":"page","link":"https:\/\/2024.konferencevenkov.cz\/index.php\/prihlasovaci-formular\/","title":{"rendered":"P\u0159ihla\u0161ovac\u00ed formul\u00e1\u0159"},"content":{"rendered":"<p><iframe loading=\"lazy\" src=\"https:\/\/docs.google.com\/forms\/d\/e\/1FAIpQLScElJ3yzAadINRK6XF9erHfe3FsV_2bvRa78fHAh81feSPuZQ\/viewform?embedded=true\" width=\"100%\" height=\"1476\" frameborder=\"0\" marginwidth=\"0\" marginheight=\"0\">Na\u010d\u00edt\u00e1n\u00ed\u2026<\/iframe><\/p>\n","protected":false},"excerpt":{"rendered":"<p>Na\u010d\u00edt\u00e1n\u00ed\u2026<\/p>\n","protected":false},"author":1,"featured_media":0,"parent":0,"menu_order":0,"comment_status":"closed","ping_status":"closed","template":"","meta":{"_themeisle_gutenberg_block_has_review":false,"footnotes":""},"class_list":["post-91","page","type-page","status-publish","hentry"],"_links":{"self":[{"href":"https:\/\/2024.konferencevenkov.cz\/index.php\/wp-json\/wp\/v2\/pages\/91","targetHints":{"allow":["GET"]}}],"collection":[{"href":"https:\/\/2024.konferencevenkov.cz\/index.php\/wp-json\/wp\/v2\/pages"}],"about":[{"href":"https:\/\/2024.konferencevenkov.cz\/index.php\/wp-json\/wp\/v2\/types\/page"}],"author":[{"embeddable":true,"href":"https:\/\/2024.konferencevenkov.cz\/index.php\/wp-json\/wp\/v2\/users\/1"}],"replies":[{"embeddable":true,"href":"https:\/\/2024.konferencevenkov.cz\/index.php\/wp-json\/wp\/v2\/comments?post=91"}],"version-history":[{"count":7,"href":"https:\/\/2024.konferencevenkov.cz\/index.php\/wp-json\/wp\/v2\/pages\/91\/revisions"}],"predecessor-version":[{"id":265,"href":"https:\/\/2024.konferencevenkov.cz\/index.php\/wp-json\/wp\/v2\/pages\/91\/revisions\/265"}],"wp:attachment":[{"href":"https:\/\/2024.konferencevenkov.cz\/index.php\/wp-json\/wp\/v2\/media?parent=91"}],"curies":[{"name":"wp","href":"https:\/\/api.w.org\/{rel}","templated":true}]}}